{"id":22373,"date":"2022-04-07T16:57:43","date_gmt":"2022-04-07T09:57:43","guid":{"rendered":"http:\/\/nnkt.ueh.edu.vn\/?page_id=22373"},"modified":"2022-04-07T17:08:50","modified_gmt":"2022-04-07T10:08:50","slug":"bo-mon-ngoai-ngu-chuyen-nganh","status":"publish","type":"page","link":"https:\/\/nnkt.ueh.edu.vn\/index.php\/bo-mon-ngoai-ngu-chuyen-nganh\/","title":{"rendered":"B\u1ed9 m\u00f4n Ngo\u1ea1i ng\u1eef Chuy\u00ean ng\u00e0nh"},"content":{"rendered":"<div class=\"abcfslGridCntr  abcfslMT50 abcfslMLRAuto slv173_t7913_L abcfslGridCntr_7913\"><div class=\"abcfslItemCntrLst abcfslPadBMB30 abcfClrFix\"><div class=\"abcfslLstCol abcfslLstCol-5 abcfslImgColLst\"><div class=\"abcfslImgCntrLst abcfsloverlay abcfslMLRPc\"><a href=\"http:\/\/nnkt.ueh.edu.vn\/index.php\/my-single-page\/?smid=22190\"><img  src=\"http:\/\/nnkt.ueh.edu.vn\/wp-content\/uploads\/2016\/08\/PNam-300x300.jpg\" class=\"abcfslDShadow1\" alt=\"\" itemprop=\"image\"  \/><\/a><\/div><\/div><div class=\"abcfslLstCol abcfslLstCol-7 abcfslTxtColLst\"><div class=\"abcfslTxtCntrLst  abcfslPadLPc5\"><div class=\"abcfslF32_7 T-F1\">H\u1ed3 Th\u1ecb Ph\u01b0\u01a1ng Nam<\/div><div class=\"STFFCAT-F6\"><span>B\u1ed9 m\u00f4n&nbsp;<\/span><span>BM Ngo\u1ea1i ng\u1eef chuy\u00ean ng\u00e0nh<\/span><\/div><div class=\"T-F2\">Th\u1ea1c s\u0129, Gi\u1ea3ng vi\u00ean<\/div><div class=\"EM-F4\"><a href=\"mailto:phuongnam1412@ueh.edu.vn\">phuongnam1412@ueh.edu.vn<\/a><\/div><div class=\"abcfslSocialIconsA\"><a class=\"abcfslMR10\" href=\"mailto:phuongnam1412@ueh.edu.vn\"><img  src=\"https:\/\/nnkt.ueh.edu.vn\/wp-content\/plugins\/staff-list\/images\/32-70\/email.png\" title=\"Email\" alt=\"Email\"  itemprop=\"image\"  \/><\/a><\/div><div class=\"SPTL\"><a href=\"http:\/\/nnkt.ueh.edu.vn\/index.php\/my-single-page\/?smid=22190\">View More<\/a><\/div><\/div><\/div><\/div><div class=\"abcfslItemCntrLst abcfslPadBMB30 abcfClrFix\"><div class=\"abcfslLstCol abcfslLstCol-5 abcfslImgColLst\"><div class=\"abcfslImgCntrLst abcfsloverlay abcfslMLRPc\"><a href=\"http:\/\/nnkt.ueh.edu.vn\/index.php\/my-single-page\/?smid=7914\"><img  src=\"http:\/\/nnkt.ueh.edu.vn\/wp-content\/uploads\/2016\/08\/Phuoc-300x300.jpg\" class=\"abcfslDShadow1\" alt=\"\" itemprop=\"image\"  \/><\/a><\/div><\/div><div class=\"abcfslLstCol abcfslLstCol-7 abcfslTxtColLst\"><div class=\"abcfslTxtCntrLst  abcfslPadLPc5\"><div class=\"abcfslF32_7 T-F1\">V\u00f5 \u0110\u00ecnh Ph\u01b0\u1edbc<\/div><div class=\"STFFCAT-F6\"><span>B\u1ed9 m\u00f4n&nbsp;<\/span><span>BM Ngo\u1ea1i ng\u1eef chuy\u00ean ng\u00e0nh<\/span><\/div><div class=\"EM-F4\"><a href=\"mailto:vdphuoc@ueh.edu.vn\">vdphuoc@ueh.edu.vn<\/a><\/div><div class=\"T-F5\">0903741888<\/div><div class=\"abcfslSocialIconsA\"><a class=\"abcfslMR10\" href=\"mailto:vdphuoc@ueh.edu.vn\"><img  src=\"https:\/\/nnkt.ueh.edu.vn\/wp-content\/plugins\/staff-list\/images\/32-70\/email.png\" title=\"Email\" alt=\"Email\"  itemprop=\"image\"  \/><\/a><a class=\"abcfslMR10\" href=\"tel:0903741888\"><img  src=\"https:\/\/nnkt.ueh.edu.vn\/wp-content\/plugins\/staff-list\/images\/32-70\/phone.png\" title=\"phone\" alt=\"phone\"  itemprop=\"image\"  \/><\/a><\/div><div class=\"SPTL\"><a href=\"http:\/\/nnkt.ueh.edu.vn\/index.php\/my-single-page\/?smid=7914\">View More<\/a><\/div><\/div><\/div><\/div><div class=\"abcfslItemCntrLst abcfslPadBMB30 abcfClrFix\"><div class=\"abcfslLstCol abcfslLstCol-5 abcfslImgColLst\"><div class=\"abcfslImgCntrLst abcfsloverlay abcfslMLRPc\"><a href=\"http:\/\/nnkt.ueh.edu.vn\/index.php\/my-single-page\/?smid=22585\"><img  src=\"http:\/\/nnkt.ueh.edu.vn\/wp-content\/uploads\/2016\/08\/V\u00e2n-Thanh-288x300.png\" class=\"abcfslDShadow1\" alt=\"\" itemprop=\"image\"  \/><\/a><\/div><\/div><div class=\"abcfslLstCol abcfslLstCol-7 abcfslTxtColLst\"><div class=\"abcfslTxtCntrLst  abcfslPadLPc5\"><div class=\"abcfslF32_7 T-F1\">Phan Th\u1ecb V\u00e2n Thanh<\/div><div class=\"STFFCAT-F6\"><span>B\u1ed9 m\u00f4n&nbsp;<\/span><span>BM Ngo\u1ea1i ng\u1eef chuy\u00ean ng\u00e0nh<\/span><\/div><div class=\"T-F2\">Ti\u1ebfn s\u0129, Gi\u1ea3ng vi\u00ean<\/div><div class=\"EM-F4\"><a href=\"mailto:\u00a0thanhptv@ueh.edu.vn\">\u00a0thanhptv@ueh.edu.vn<\/a><\/div><div class=\"abcfslSocialIconsA\"><a class=\"abcfslMR10\" href=\"mailto:\u00a0thanhptv@ueh.edu.vn\"><img  src=\"https:\/\/nnkt.ueh.edu.vn\/wp-content\/plugins\/staff-list\/images\/32-70\/email.png\" title=\"Email\" alt=\"Email\"  itemprop=\"image\"  \/><\/a><a class=\"abcfslMR10\" href=\"tel:0366613396\"><img  src=\"https:\/\/nnkt.ueh.edu.vn\/wp-content\/plugins\/staff-list\/images\/32-70\/phone.png\" title=\"phone\" alt=\"phone\"  itemprop=\"image\"  \/><\/a><\/div><div class=\"SPTL\"><a href=\"http:\/\/nnkt.ueh.edu.vn\/index.php\/my-single-page\/?smid=22585\">View More<\/a><\/div><\/div><\/div><\/div><div class=\"abcfslItemCntrLst abcfslPadBMB30 abcfClrFix\"><div class=\"abcfslLstCol abcfslLstCol-5 abcfslImgColLst\"><div class=\"abcfslImgCntrLst abcfsloverlay abcfslMLRPc\"><a href=\"http:\/\/nnkt.ueh.edu.vn\/index.php\/my-single-page\/?smid=22168\"><img  src=\"http:\/\/nnkt.ueh.edu.vn\/wp-content\/uploads\/2016\/08\/THanh3-298x300.jpg\" class=\"abcfslDShadow1\" alt=\"\" itemprop=\"image\"  \/><\/a><\/div><\/div><div class=\"abcfslLstCol abcfslLstCol-7 abcfslTxtColLst\"><div class=\"abcfslTxtCntrLst  abcfslPadLPc5\"><div class=\"abcfslF32_7 T-F1\">Nguy\u1ec5n L\u01b0\u01a1ng Ho\u00e0ng Th\u00e0nh<\/div><div class=\"STFFCAT-F6\"><span>B\u1ed9 m\u00f4n&nbsp;<\/span><span>BM Ngo\u1ea1i ng\u1eef chuy\u00ean ng\u00e0nh<\/span><\/div><div class=\"T-F2\">Ph\u00f3 Tr\u01b0\u1edfng B\u1ed9 m\u00f4n Ngo\u1ea1i ng\u1eef chuy\u00ean ng\u00e0nh\/Th\u1ea1c s\u0129, Gi\u1ea3ng vi\u00ean<\/div><div class=\"EM-F4\"><a href=\"mailto:thanhnlh@ueh.edu.vn\">thanhnlh@ueh.edu.vn<\/a><\/div><div class=\"T-F5\">0907707091<\/div><div class=\"abcfslSocialIconsA\"><a class=\"abcfslMR10\" href=\"mailto:thanhnlh@ueh.edu.vn\"><img  src=\"https:\/\/nnkt.ueh.edu.vn\/wp-content\/plugins\/staff-list\/images\/32-70\/email.png\" title=\"Email\" alt=\"Email\"  itemprop=\"image\"  \/><\/a><a class=\"abcfslMR10\" href=\"tel:0907707091\"><img  src=\"https:\/\/nnkt.ueh.edu.vn\/wp-content\/plugins\/staff-list\/images\/32-70\/phone.png\" title=\"phone\" alt=\"phone\"  itemprop=\"image\"  \/><\/a><\/div><div class=\"SPTL\"><a href=\"http:\/\/nnkt.ueh.edu.vn\/index.php\/my-single-page\/?smid=22168\">View More<\/a><\/div><\/div><\/div><\/div><div class=\"abcfslItemCntrLst abcfslPadBMB30 abcfClrFix\"><div class=\"abcfslLstCol abcfslLstCol-5 abcfslImgColLst\"><div class=\"abcfslImgCntrLst abcfsloverlay abcfslMLRPc\"><a href=\"http:\/\/nnkt.ueh.edu.vn\/index.php\/my-single-page\/?smid=22170\"><img  src=\"http:\/\/nnkt.ueh.edu.vn\/wp-content\/uploads\/2016\/08\/TTrang-300x300.jpg\" class=\"abcfslDShadow1\" alt=\"\" itemprop=\"image\"  \/><\/a><\/div><\/div><div class=\"abcfslLstCol abcfslLstCol-7 abcfslTxtColLst\"><div class=\"abcfslTxtCntrLst  abcfslPadLPc5\"><div class=\"abcfslF32_7 T-F1\">B\u00f9i Th\u1ecb Thu Trang<\/div><div class=\"STFFCAT-F6\"><span>B\u1ed9 m\u00f4n&nbsp;<\/span><span>BM Ngo\u1ea1i ng\u1eef chuy\u00ean ng\u00e0nh<\/span><\/div><div class=\"T-F2\">Th\u1ea1c s\u0129, Gi\u1ea3ng vi\u00ean<\/div><div class=\"EM-F4\"><a href=\"mailto:buithithutrang2002@ueh.edu.vn\">buithithutrang2002@ueh.edu.vn<\/a><\/div><div class=\"T-F5\">0904938649<\/div><div class=\"abcfslSocialIconsA\"><a class=\"abcfslMR10\" href=\"mailto:buithithutrang2002@ueh.edu.vn\"><img  src=\"https:\/\/nnkt.ueh.edu.vn\/wp-content\/plugins\/staff-list\/images\/32-70\/email.png\" title=\"Email\" alt=\"Email\"  itemprop=\"image\"  \/><\/a><a class=\"abcfslMR10\" href=\"tel:0904938649\"><img  src=\"https:\/\/nnkt.ueh.edu.vn\/wp-content\/plugins\/staff-list\/images\/32-70\/phone.png\" title=\"phone\" alt=\"phone\"  itemprop=\"image\"  \/><\/a><\/div><div class=\"SPTL\"><a href=\"http:\/\/nnkt.ueh.edu.vn\/index.php\/my-single-page\/?smid=22170\">View More<\/a><\/div><\/div><\/div><\/div><div class=\"abcfslPaginationCntrB\"><nav><ul class=\"abcfslPagination abcfslPagination_MD abcfslJustify_E\"><li class=\"abcfslPageItem abcfslActive\"><a class=\"abcfslPageLink abcfslPageLink_G\" href=\"https:\/\/nnkt.ueh.edu.vn\/index.php\/bo-mon-ngoai-ngu-chuyen-nganh\/?staff-page-no=1\">1<span class=\"sr-only\">(current)<\/span><\/a><\/li><li class=\"abcfslPageItem\"><a class=\"abcfslPageLink abcfslPageLink_G\" href=\"https:\/\/nnkt.ueh.edu.vn\/index.php\/bo-mon-ngoai-ngu-chuyen-nganh\/?staff-page-no=2\">2<\/a><\/li><li class=\"abcfslPageItem\"><a class=\"abcfslPageLink abcfslPageLink_G\" href=\"https:\/\/nnkt.ueh.edu.vn\/index.php\/bo-mon-ngoai-ngu-chuyen-nganh\/?staff-page-no=2\" aria-label=\"Next\"><span aria-hidden=\"true\">&raquo;<\/span><span class=\"sr-only\">Next<\/span><\/a><\/li><\/ul><\/nav><\/div><\/div>\n","protected":false},"excerpt":{"rendered":"","protected":false},"author":1,"featured_media":21419,"parent":0,"menu_order":0,"comment_status":"closed","ping_status":"closed","template":"","meta":{"pgc_meta":"","_uag_custom_page_level_css":""},"pgc_meta":"","uagb_featured_image_src":{"full":["https:\/\/nnkt.ueh.edu.vn\/wp-content\/uploads\/2020\/11\/resize_Tan_Hung-e1648823198371.jpg",214,214,false],"thumbnail":["https:\/\/nnkt.ueh.edu.vn\/wp-content\/uploads\/2020\/11\/resize_Tan_Hung-150x150.jpg",150,150,true],"medium":["https:\/\/nnkt.ueh.edu.vn\/wp-content\/uploads\/2020\/11\/resize_Tan_Hung-300x300.jpg",300,300,true],"medium_large":["https:\/\/nnkt.ueh.edu.vn\/wp-content\/uploads\/2020\/11\/resize_Tan_Hung-e1648823198371.jpg",214,214,false],"large":["https:\/\/nnkt.ueh.edu.vn\/wp-content\/uploads\/2020\/11\/resize_Tan_Hung-e1648823198371.jpg",214,214,false],"1536x1536":["https:\/\/nnkt.ueh.edu.vn\/wp-content\/uploads\/2020\/11\/resize_Tan_Hung-e1648823198371.jpg",214,214,false],"2048x2048":["https:\/\/nnkt.ueh.edu.vn\/wp-content\/uploads\/2020\/11\/resize_Tan_Hung-e1648823198371.jpg",214,214,false],"post-thumbnail":["https:\/\/nnkt.ueh.edu.vn\/wp-content\/uploads\/2020\/11\/resize_Tan_Hung-100x50.jpg",100,50,true],"vantage-thumbnail-no-sidebar":["https:\/\/nnkt.ueh.edu.vn\/wp-content\/uploads\/2020\/11\/resize_Tan_Hung-e1648823198371.jpg",214,214,false],"vantage-slide":["https:\/\/nnkt.ueh.edu.vn\/wp-content\/uploads\/2020\/11\/resize_Tan_Hung-e1648823198371.jpg",214,214,false],"vantage-carousel":["https:\/\/nnkt.ueh.edu.vn\/wp-content\/uploads\/2020\/11\/resize_Tan_Hung-e1648823198371.jpg",182,182,false],"vantage-grid-loop":["https:\/\/nnkt.ueh.edu.vn\/wp-content\/uploads\/2020\/11\/resize_Tan_Hung-e1648823198371.jpg",214,214,false],"yarpp-thumbnail":["https:\/\/nnkt.ueh.edu.vn\/wp-content\/uploads\/2020\/11\/resize_Tan_Hung-e1648823198371.jpg",120,120,false],"sow-carousel-default":["https:\/\/nnkt.ueh.edu.vn\/wp-content\/uploads\/2020\/11\/resize_Tan_Hung-e1648823198371.jpg",182,182,false],"sow-blog-portfolio":["https:\/\/nnkt.ueh.edu.vn\/wp-content\/uploads\/2020\/11\/resize_Tan_Hung-e1648823198371.jpg",214,214,false],"sow-blog-grid":["https:\/\/nnkt.ueh.edu.vn\/wp-content\/uploads\/2020\/11\/resize_Tan_Hung-e1648823198371.jpg",214,214,false],"sow-blog-alternate":["https:\/\/nnkt.ueh.edu.vn\/wp-content\/uploads\/2020\/11\/resize_Tan_Hung-e1648823198371.jpg",214,214,false],"sow-post-carousel-overlay-theme":["https:\/\/nnkt.ueh.edu.vn\/wp-content\/uploads\/2020\/11\/resize_Tan_Hung-e1648823198371.jpg",214,214,false]},"uagb_author_info":{"display_name":"vdphuoc","author_link":"https:\/\/nnkt.ueh.edu.vn\/index.php\/author\/vdphuoc\/"},"uagb_comment_info":0,"uagb_excerpt":null,"_links":{"self":[{"href":"https:\/\/nnkt.ueh.edu.vn\/index.php\/wp-json\/wp\/v2\/pages\/22373"}],"collection":[{"href":"https:\/\/nnkt.ueh.edu.vn\/index.php\/wp-json\/wp\/v2\/pages"}],"about":[{"href":"https:\/\/nnkt.ueh.edu.vn\/index.php\/wp-json\/wp\/v2\/types\/page"}],"author":[{"embeddable":true,"href":"https:\/\/nnkt.ueh.edu.vn\/index.php\/wp-json\/wp\/v2\/users\/1"}],"replies":[{"embeddable":true,"href":"https:\/\/nnkt.ueh.edu.vn\/index.php\/wp-json\/wp\/v2\/comments?post=22373"}],"version-history":[{"count":0,"href":"https:\/\/nnkt.ueh.edu.vn\/index.php\/wp-json\/wp\/v2\/pages\/22373\/revisions"}],"wp:featuredmedia":[{"embeddable":true,"href":"https:\/\/nnkt.ueh.edu.vn\/index.php\/wp-json\/wp\/v2\/media\/21419"}],"wp:attachment":[{"href":"https:\/\/nnkt.ueh.edu.vn\/index.php\/wp-json\/wp\/v2\/media?parent=22373"}],"curies":[{"name":"wp","href":"https:\/\/api.w.org\/{rel}","templated":true}]}}